{"id":433,"date":"2016-04-27T13:42:11","date_gmt":"2016-04-27T13:42:11","guid":{"rendered":"http:\/\/localhost\/kriya\/?page_id=2"},"modified":"2024-03-14T11:56:18","modified_gmt":"2024-03-14T17:56:18","slug":"home","status":"publish","type":"page","link":"https:\/\/terapiasalternativas.ollintec.net\/jornada\/","title":{"rendered":"Inicio"},"content":{"rendered":"<div class=\"wpb-content-wrapper\"><p>[vc_row el_class=&#8221;dt-row-partially-on-slider vcr_float_right&#8221;][vc_column width=&#8221;1\/3&#8243;]<div class=\"dt-spa-procedures-wrapper type1 \">\t<div class=\"thumb\"><div class=\"icon-wrapper\"><img loading=\"lazy\" decoding=\"async\" width=\"55\" height=\"55\" src=\"https:\/\/terapiasalternativas.ollintec.net\/jornada\/wp-content\/uploads\/2024\/02\/icon-detox-white.png\" class=\"attachment-full\" alt=\"\" title=\"icon-detox-white\" \/><\/div><img loading=\"lazy\" decoding=\"async\" width=\"1170\" height=\"1414\" src=\"https:\/\/terapiasalternativas.ollintec.net\/jornada\/wp-content\/uploads\/2017\/06\/desintoxicante.jpg\" class=\"attachment-full size-full wp-post-image\" alt=\"Aparatolog\u00eda M\u00e9dica\" srcset=\"https:\/\/terapiasalternativas.ollintec.net\/jornada\/wp-content\/uploads\/2017\/06\/desintoxicante.jpg 1170w, https:\/\/terapiasalternativas.ollintec.net\/jornada\/wp-content\/uploads\/2017\/06\/desintoxicante-248x300.jpg 248w, https:\/\/terapiasalternativas.ollintec.net\/jornada\/wp-content\/uploads\/2017\/06\/desintoxicante-847x1024.jpg 847w, https:\/\/terapiasalternativas.ollintec.net\/jornada\/wp-content\/uploads\/2017\/06\/desintoxicante-768x928.jpg 768w, https:\/\/terapiasalternativas.ollintec.net\/jornada\/wp-content\/uploads\/2017\/06\/desintoxicante-600x725.jpg 600w\" sizes=\"(max-width: 1170px) 100vw, 1170px\" \/>\t<\/div>\t<div class=\"details\">\t\t<h4><a href=\"https:\/\/terapiasalternativas.ollintec.net\/jornada\/dt_spa_procedure\/massage-therapy\/\">Aparatolog\u00eda M\u00e9dica<\/a><\/h4><p>Ciencia y tecnolog\u00eda para tu salud<\/p> \t\t<div class=\"button\"><a href=\"https:\/\/terapiasalternativas.ollintec.net\/jornada\/dt_spa_procedure\/massage-therapy\/\">View Details<\/a><\/div>\t<\/div><\/div>[\/vc_column][vc_column width=&#8221;1\/3&#8243;]<div class=\"dt-spa-procedures-wrapper type1 selected\">\t<div class=\"thumb\"><div class=\"icon-wrapper\"><img loading=\"lazy\" decoding=\"async\" width=\"55\" height=\"55\" src=\"https:\/\/terapiasalternativas.ollintec.net\/jornada\/wp-content\/uploads\/2024\/02\/icon-en-temazcal.png\" class=\"attachment-full\" alt=\"\" title=\"icon-en-temazcal\" \/><\/div><img loading=\"lazy\" decoding=\"async\" width=\"1170\" height=\"1414\" src=\"https:\/\/terapiasalternativas.ollintec.net\/jornada\/wp-content\/uploads\/2024\/02\/temazcal-servicio.jpg\" class=\"attachment-full size-full wp-post-image\" alt=\"Temazcal Tepeyolotli\" srcset=\"https:\/\/terapiasalternativas.ollintec.net\/jornada\/wp-content\/uploads\/2024\/02\/temazcal-servicio.jpg 1170w, https:\/\/terapiasalternativas.ollintec.net\/jornada\/wp-content\/uploads\/2024\/02\/temazcal-servicio-248x300.jpg 248w, https:\/\/terapiasalternativas.ollintec.net\/jornada\/wp-content\/uploads\/2024\/02\/temazcal-servicio-847x1024.jpg 847w, https:\/\/terapiasalternativas.ollintec.net\/jornada\/wp-content\/uploads\/2024\/02\/temazcal-servicio-768x928.jpg 768w, https:\/\/terapiasalternativas.ollintec.net\/jornada\/wp-content\/uploads\/2024\/02\/temazcal-servicio-600x725.jpg 600w\" sizes=\"(max-width: 1170px) 100vw, 1170px\" \/>\t<\/div>\t<div class=\"details\">\t\t<h4><a href=\"https:\/\/terapiasalternativas.ollintec.net\/jornada\/dt_spa_procedure\/jacuzzi-natural-spa\/\">Temazcal Tepeyolotli<\/a><\/h4><p>Medicina ancestral<\/p> \t\t<div class=\"button\"><a href=\"https:\/\/terapiasalternativas.ollintec.net\/jornada\/dt_spa_procedure\/jacuzzi-natural-spa\/\">View Details<\/a><\/div>\t<\/div><\/div>[\/vc_column][vc_column width=&#8221;1\/3&#8243;]<div class=\"dt-spa-procedures-wrapper type1 \">\t<div class=\"thumb\"><div class=\"icon-wrapper\"><img loading=\"lazy\" decoding=\"async\" width=\"65\" height=\"65\" src=\"https:\/\/terapiasalternativas.ollintec.net\/jornada\/wp-content\/uploads\/2024\/02\/icon-cefetera-white.png\" class=\"attachment-full\" alt=\"\" title=\"icon-cefetera-white\" \/><\/div><img loading=\"lazy\" decoding=\"async\" width=\"1170\" height=\"1414\" src=\"https:\/\/terapiasalternativas.ollintec.net\/jornada\/wp-content\/uploads\/2024\/02\/coloides.jpg\" class=\"attachment-full size-full wp-post-image\" alt=\"Productos Naturistas\" srcset=\"https:\/\/terapiasalternativas.ollintec.net\/jornada\/wp-content\/uploads\/2024\/02\/coloides.jpg 1170w, https:\/\/terapiasalternativas.ollintec.net\/jornada\/wp-content\/uploads\/2024\/02\/coloides-248x300.jpg 248w, https:\/\/terapiasalternativas.ollintec.net\/jornada\/wp-content\/uploads\/2024\/02\/coloides-847x1024.jpg 847w, https:\/\/terapiasalternativas.ollintec.net\/jornada\/wp-content\/uploads\/2024\/02\/coloides-768x928.jpg 768w, https:\/\/terapiasalternativas.ollintec.net\/jornada\/wp-content\/uploads\/2024\/02\/coloides-600x725.jpg 600w\" sizes=\"(max-width: 1170px) 100vw, 1170px\" \/>\t<\/div>\t<div class=\"details\">\t\t<h4><a href=\"https:\/\/terapiasalternativas.ollintec.net\/jornada\/dt_spa_procedure\/skin-beauty-care\/\">Productos Naturistas<\/a><\/h4><p>Ayuda a tu cuerpo a sanarse<\/p> \t\t<div class=\"button\"><a href=\"https:\/\/terapiasalternativas.ollintec.net\/jornada\/dt_spa_procedure\/skin-beauty-care\/\">View Details<\/a><\/div>\t<\/div><\/div>[\/vc_column][vc_column]<div class=\"ult-spacer spacer-69e6b04d5c2c8\" data-id=\"69e6b04d5c2c8\" data-height=\"96\" data-height-mobile=\"48\" data-height-tab=\"80\" data-height-tab-portrait=\"80\" data-height-mobile-landscape=\"48\" style=\"clear:both;display:block;\"><\/div>[\/vc_column][\/vc_row][vc_row full_width=&#8221;stretch_row&#8221; bg_type=&#8221;image&#8221; parallax_style=&#8221;vcpb-default&#8221; bg_image_new=&#8221;id^6492|url^http:\/\/terapiasalternativas.ollintec.net\/jornada\/wp-content\/uploads\/2016\/04\/floral-decorated-floor-wall-blue.png|caption^null|alt^floral-decorated-floor-wall-blue|title^floral-decorated-floor-wall-blue|description^null&#8221; bg_image_repeat=&#8221;no-repeat&#8221; el_class=&#8221;dt-custom-bg-repeating-angles&#8221;][vc_column]<div class=\"ult-spacer spacer-69e6b04d5c315\" data-id=\"69e6b04d5c315\" data-height=\"105\" data-height-mobile=\"45\" data-height-tab=\"90\" data-height-tab-portrait=\"90\" data-height-mobile-landscape=\"45\" style=\"clear:both;display:block;\"><\/div>[\/vc_column][vc_column width=&#8221;1\/6&#8243; el_class=&#8221;rs_col-sm-1&#8243; offset=&#8221;vc_col-lg-2 vc_col-md-1 vc_hidden-xs&#8221;][\/vc_column][vc_column width=&#8221;2\/3&#8243; el_class=&#8221;rs_col-sm-10&#8243; offset=&#8221;vc_col-lg-8 vc_col-md-10&#8243;][vc_custom_heading text=&#8221;Te invitamos a vivir la Jornada de Sanaci\u00f3n&#8221; font_container=&#8221;tag:h2|text_align:center&#8221; use_theme_fonts=&#8221;yes&#8221; css=&#8221;.vc_custom_1710189290252{margin-bottom: 10px !important;}&#8221;]<div class='dt-sc-small-separator aligncenter bottom'><\/div>[vc_custom_heading text=&#8221;Sana cuerpo \u2013 mente y esp\u00edritu&#8221; font_container=&#8221;tag:p|text_align:center&#8221; use_theme_fonts=&#8221;yes&#8221;]<div class=\"ult-spacer spacer-69e6b04d5c38b\" data-id=\"69e6b04d5c38b\" data-height=\"35\" data-height-mobile=\"35\" data-height-tab=\"35\" data-height-tab-portrait=\"\" data-height-mobile-landscape=\"\" style=\"clear:both;display:block;\"><\/div>[vc_row_inner][vc_column_inner width=&#8221;1\/12&#8243; offset=&#8221;vc_hidden-xs&#8221;][\/vc_column_inner][vc_column_inner width=&#8221;5\/6&#8243;][vc_custom_heading text=&#8221;El centro recreativo La Laguna abre sus puertas para que en este bello espacio encuentres la sanaci\u00f3n integral a todas tus dolencias, o simplemente tengas un encuentro con la armon\u00eda, la relajaci\u00f3n, contacto con la naturaleza y conozcas la medicina de nuestros sabios abuelos.&#8221; font_container=&#8221;tag:p|text_align:center&#8221; use_theme_fonts=&#8221;yes&#8221;][\/vc_column_inner][vc_column_inner width=&#8221;1\/12&#8243; offset=&#8221;vc_hidden-xs&#8221;][\/vc_column_inner][\/vc_row_inner]<div class=\"ult-spacer spacer-69e6b04d5c3bd\" data-id=\"69e6b04d5c3bd\" data-height=\"25\" data-height-mobile=\"25\" data-height-tab=\"25\" data-height-tab-portrait=\"\" data-height-mobile-landscape=\"\" style=\"clear:both;display:block;\"><\/div><a href='https:\/\/terapiasalternativas.ollintec.net\/jornada\/proxima-jornada\/' target='_blank' title='MAKE AN APPOINTMENT' class='dt-sc-button   medium     aligncenter with-gradient-bg' > Pr\u00f3ximas fechas <\/a>[\/vc_column][vc_column width=&#8221;1\/6&#8243; el_class=&#8221;rs_col-sm-1&#8243; offset=&#8221;vc_col-lg-2 vc_col-md-1 vc_hidden-xs&#8221;][\/vc_column][vc_column]<div class=\"ult-spacer spacer-69e6b04d5c51c\" data-id=\"69e6b04d5c51c\" data-height=\"105\" data-height-mobile=\"45\" data-height-tab=\"90\" data-height-tab-portrait=\"90\" data-height-mobile-landscape=\"45\" style=\"clear:both;display:block;\"><\/div>[\/vc_column][\/vc_row][vc_row full_width=&#8221;stretch_row&#8221; bg_type=&#8221;image&#8221; parallax_style=&#8221;vcpb-default&#8221; bg_image_new=&#8221;id^8107|url^http:\/\/terapiasalternativas.ollintec.net\/jornada\/wp-content\/uploads\/2024\/02\/fullwidth-smudge-gradient-bg-image.jpg|caption^null|alt^null|title^fullwidth-smudge-gradient-bg-image|description^null&#8221; bg_image_repeat=&#8221;no-repeat&#8221; bg_img_attach=&#8221;fixed&#8221; enable_overlay=&#8221;enable_overlay_value&#8221; overlay_color=&#8221;#fac466&#8243; el_class=&#8221;dt-custom-bg-repeating-angles bottom&#8221;][vc_column el_class=&#8221;dt-custom-bg-on-mid-bottom&#8221;]<div class=\"ult-spacer spacer-69e6b04d5c559\" data-id=\"69e6b04d5c559\" data-height=\"105\" data-height-mobile=\"45\" data-height-tab=\"90\" data-height-tab-portrait=\"90\" data-height-mobile-landscape=\"45\" style=\"clear:both;display:block;\"><\/div>[vc_custom_heading text=&#8221;Beneficios del Temazcal&#8221; font_container=&#8221;tag:h2|text_align:center&#8221; use_theme_fonts=&#8221;yes&#8221; css=&#8221;.vc_custom_1708054079230{margin-bottom: 10px !important;}&#8221;]<div class='dt-sc-small-separator aligncenter bottom'><\/div>[vc_custom_heading text=&#8221;La medicina de los sabios abuelos&#8221; font_container=&#8221;tag:p|text_align:center&#8221; use_theme_fonts=&#8221;yes&#8221;]<div class=\"ult-spacer spacer-69e6b04d5c5e9\" data-id=\"69e6b04d5c5e9\" data-height=\"112\" data-height-mobile=\"48\" data-height-tab=\"96\" data-height-tab-portrait=\"96\" data-height-mobile-landscape=\"48\" style=\"clear:both;display:block;\"><\/div>[vc_row_inner equal_height=&#8221;yes&#8221; content_placement=&#8221;middle&#8221; el_class=&#8221;vcr_float_right&#8221;][vc_column_inner width=&#8221;1\/3&#8243;]<div class='dt-sc-icon-box type5 no-icon-bg'><div class=\"icon-wrapper\"><img loading=\"lazy\" decoding=\"async\" width=\"52\" height=\"52\" src=\"https:\/\/terapiasalternativas.ollintec.net\/jornada\/wp-content\/uploads\/2024\/02\/aguita.png\" class=\"attachment-full\" alt=\"\" title=\"aguita\" \/><\/div><div class=\"icon-content\"><h4>Atlachinolli<\/h4><p>El t\u00e9 que preparamos tiene el poder de plantas que fortalecen nuestro sistema inmunol\u00f3gico.<\/p><\/div><\/div><div class=\"ult-spacer spacer-69e6b04d5cfb5\" data-id=\"69e6b04d5cfb5\" data-height=\"35\" data-height-mobile=\"35\" data-height-tab=\"35\" data-height-tab-portrait=\"\" data-height-mobile-landscape=\"\" style=\"clear:both;display:block;\"><\/div><div class='dt-sc-icon-box type5 no-icon-bg'><div class=\"icon-wrapper\"><img loading=\"lazy\" decoding=\"async\" width=\"52\" height=\"52\" src=\"https:\/\/terapiasalternativas.ollintec.net\/jornada\/wp-content\/uploads\/2024\/02\/vaporcito.png\" class=\"attachment-full\" alt=\"\" title=\"vaporcito\" \/><\/div><div class=\"icon-content\"><h4>Vapor<\/h4><p>En 50 min. de sesi\u00f3n, se elimina un litro de sudor equivalente a un kilogramo de toxinas.<\/p><\/div><\/div><div class=\"ult-spacer spacer-69e6b04d5d793\" data-id=\"69e6b04d5d793\" data-height=\"35\" data-height-mobile=\"35\" data-height-tab=\"35\" data-height-tab-portrait=\"\" data-height-mobile-landscape=\"\" style=\"clear:both;display:block;\"><\/div><div class='dt-sc-icon-box type5 no-icon-bg'><div class=\"icon-wrapper\"><img loading=\"lazy\" decoding=\"async\" width=\"52\" height=\"52\" src=\"https:\/\/terapiasalternativas.ollintec.net\/jornada\/wp-content\/uploads\/2024\/02\/covid.png\" class=\"attachment-full\" alt=\"\" title=\"covid\" \/><\/div><div class=\"icon-content\"><h4>Espacio seguro<\/h4><p>En las temperaturas en las que estamos en el temazcal, no hay virus, bacteria u hongo que sobreviva.<\/p><\/div><\/div>[\/vc_column_inner][vc_column_inner width=&#8221;1\/3&#8243; offset=&#8221;vc_hidden-xs&#8221;][\/vc_column_inner][vc_column_inner width=&#8221;1\/3&#8243;]<div class='dt-sc-icon-box type5 alignright no-icon-bg'><div class=\"icon-wrapper\"><img loading=\"lazy\" decoding=\"async\" width=\"52\" height=\"52\" src=\"https:\/\/terapiasalternativas.ollintec.net\/jornada\/wp-content\/uploads\/2024\/02\/palabra.png\" class=\"attachment-full\" alt=\"\" title=\"palabra\" \/><\/div><div class=\"icon-content\"><h4>Libera emociones.<\/h4><p>El 90% de las enfermedades tienen un origen psicoemocional, si te permites sacar aquello que no te deja fluir con tu entorno, te sanaras de manera integral.<\/p><\/div><\/div><div class=\"ult-spacer spacer-69e6b04d5e70d\" data-id=\"69e6b04d5e70d\" data-height=\"35\" data-height-mobile=\"35\" data-height-tab=\"35\" data-height-tab-portrait=\"\" data-height-mobile-landscape=\"\" style=\"clear:both;display:block;\"><\/div><div class='dt-sc-icon-box type5 alignright no-icon-bg'><div class=\"icon-wrapper\"><img loading=\"lazy\" decoding=\"async\" width=\"52\" height=\"52\" src=\"https:\/\/terapiasalternativas.ollintec.net\/jornada\/wp-content\/uploads\/2024\/02\/tamborcito3.png\" class=\"attachment-full\" alt=\"\" title=\"tamborcito3\" \/><\/div><div class=\"icon-content\"><h4>Cantos medicina<\/h4><p>El panhuehue, atecocolli, producen sonidos con frecuencia sanadora 432 hz que nos ayuda a mejorar la conexi\u00f3n con la naturaleza, relaja y calma la mente, adem\u00e1s del cuerpo, esos sonidos tienen efectos curativos.<\/p><\/div><\/div><div class=\"ult-spacer spacer-69e6b04d5ef63\" data-id=\"69e6b04d5ef63\" data-height=\"35\" data-height-mobile=\"35\" data-height-tab=\"35\" data-height-tab-portrait=\"\" data-height-mobile-landscape=\"\" style=\"clear:both;display:block;\"><\/div><div class='dt-sc-icon-box type5 alignright no-icon-bg'><div class=\"icon-wrapper\"><img loading=\"lazy\" decoding=\"async\" width=\"52\" height=\"52\" src=\"https:\/\/terapiasalternativas.ollintec.net\/jornada\/wp-content\/uploads\/2024\/02\/temazcalero-feliz.png\" class=\"attachment-full\" alt=\"\" title=\"temazcalero-feliz\" \/><\/div><div class=\"icon-content\"><h4>Armoniza tu ser<\/h4><p>La labor del temazcal induce un estado profundo de meditaci\u00f3n y conexi\u00f3n con tu yo superior.<\/p><\/div><\/div>[\/vc_column_inner][\/vc_row_inner]<div class=\"ult-spacer spacer-69e6b04d5f708\" data-id=\"69e6b04d5f708\" data-height=\"45\" data-height-mobile=\"45\" data-height-tab=\"45\" data-height-tab-portrait=\"\" data-height-mobile-landscape=\"\" style=\"clear:both;display:block;\"><\/div><div class=\"ult-spacer spacer-69e6b04d5f748\" data-id=\"69e6b04d5f748\" data-height=\"105\" data-height-mobile=\"45\" data-height-tab=\"90\" data-height-tab-portrait=\"90\" data-height-mobile-landscape=\"45\" style=\"clear:both;display:block;\"><\/div>[\/vc_column][\/vc_row][vc_row el_class=&#8221;dt-sc-row-on-overlay&#8221;][vc_column]<div class=\"ult-spacer spacer-69e6b04d5f77b\" data-id=\"69e6b04d5f77b\" data-height=\"132\" data-height-mobile=\"64\" data-height-tab=\"96\" data-height-tab-portrait=\"96\" data-height-mobile-landscape=\"64\" style=\"clear:both;display:block;\"><\/div>[vc_row_inner][vc_column_inner width=&#8221;1\/6&#8243; offset=&#8221;vc_hidden-md vc_hidden-sm vc_hidden-xs&#8221;][\/vc_column_inner][vc_column_inner el_class=&#8221;rs_col_no_btm_space rs_col-sm-8&#8243; width=&#8221;5\/6&#8243; offset=&#8221;vc_col-lg-offset-0 vc_col-lg-10 vc_col-md-offset-2 vc_col-md-8 vc_col-sm-offset-2&#8243;]<img loading=\"lazy\" decoding=\"async\" width=\"1170\" height=\"591\" src=\"https:\/\/terapiasalternativas.ollintec.net\/jornada\/wp-content\/uploads\/2024\/03\/terapeando.jpg\" class=\"alignnone attachment-full\" alt=\"\" title=\"terapeando\" srcset=\"https:\/\/terapiasalternativas.ollintec.net\/jornada\/wp-content\/uploads\/2024\/03\/terapeando.jpg 1170w, https:\/\/terapiasalternativas.ollintec.net\/jornada\/wp-content\/uploads\/2024\/03\/terapeando-300x152.jpg 300w, https:\/\/terapiasalternativas.ollintec.net\/jornada\/wp-content\/uploads\/2024\/03\/terapeando-1024x517.jpg 1024w, https:\/\/terapiasalternativas.ollintec.net\/jornada\/wp-content\/uploads\/2024\/03\/terapeando-768x388.jpg 768w, https:\/\/terapiasalternativas.ollintec.net\/jornada\/wp-content\/uploads\/2024\/03\/terapeando-600x303.jpg 600w\" sizes=\"(max-width: 1170px) 100vw, 1170px\" \/>[\/vc_column_inner][\/vc_row_inner][vc_row_inner equal_height=&#8221;yes&#8221; content_placement=&#8221;bottom&#8221;][vc_column_inner el_class=&#8221;rs_col_no_btm_space rs_col-sm-8&#8243; width=&#8221;1\/3&#8243; css=&#8221;.vc_custom_1710213114671{padding-right: 30px !important;padding-left: 30px !important;background-color: #f6e8ba !important;background-position: 0 0 !important;background-repeat: no-repeat !important;}&#8221; bg_inline=&#8221;background-position: right bottom !important;&#8221; offset=&#8221;vc_col-lg-offset-0 vc_col-lg-4 vc_col-md-offset-2 vc_col-md-8 vc_col-sm-offset-2&#8243;]<div class=\"ult-spacer spacer-69e6b04d60032\" data-id=\"69e6b04d60032\" data-height=\"60\" data-height-mobile=\"35\" data-height-tab=\"45\" data-height-tab-portrait=\"45\" data-height-mobile-landscape=\"35\" style=\"clear:both;display:block;\"><\/div>[vc_custom_heading text=&#8221;Jornada de sanaci\u00f3n&#8221; use_theme_fonts=&#8221;yes&#8221; css=&#8221;.vc_custom_1710221201410{margin-bottom: 10px !important;}&#8221; el_class=&#8221;vcr_heading-right&#8221;]<div class='dt-sc-small-separator bottom'><\/div>[vc_custom_heading text=&#8221;Estas son nuestras actividades&#8221; font_container=&#8221;tag:p|text_align:left&#8221; use_theme_fonts=&#8221;yes&#8221; el_class=&#8221;vcr_heading-right&#8221;][vc_raw_html]JTNDdWwlMjBjbGFzcyUzRCUyMmR0LXNjLW9wZW5pbmctaG91cnMlMjIlM0UlMEElM0NsaSUzRSUyMEluaWNpbyUyMGRlJTIwdGVyYXBpYXMlMjAlM0ElMjAlM0NzcGFuJTNFJTIwMDklM0EwMCUyMCUyNm5kYXNoJTNCJTIwMTMlM0EzMCUyMGhycyUyMCUzQyUyRnNwYW4lM0UlMjAlM0MlMkZsaSUzRSUwQSUzQ2xpJTNFJTIwUmVjZXNvJTIwJTNBJTIwJTIwJTNDc3BhbiUzRSUyMDEzJTNBMzAlMjAlMjZuZGFzaCUzQiUyMDE0JTNBMDAlMjBocnMlMjAlM0MlMkZzcGFuJTNFJTIwJTNDJTJGbGklM0UlMEElM0NsaSUzRSUyMFRlbWF6Y2FsJTIwJTNBJTIwJTNDc3BhbiUzRSUyMDE0JTNBMDAlMjAlMjZuZGFzaCUzQiUyMDE3JTNBMDAlMjBocnMlMkElMjAlM0MlMkZzcGFuJTNFJTIwJTNDJTJGbGklM0UlMEElM0MlMkZ1bCUzRQ==[\/vc_raw_html][vc_custom_heading text=&#8221;\u00a1Ven a sanarte en este encantador lugar!&#8221; font_container=&#8221;tag:p|font_size:14|text_align:left&#8221; use_theme_fonts=&#8221;yes&#8221; el_class=&#8221;vcr_heading-right&#8221;]<div class=\"ult-spacer spacer-69e6b04d6009d\" data-id=\"69e6b04d6009d\" data-height=\"35\" data-height-mobile=\"35\" data-height-tab=\"35\" data-height-tab-portrait=\"\" data-height-mobile-landscape=\"\" style=\"clear:both;display:block;\"><\/div>[\/vc_column_inner][vc_column_inner width=&#8221;1\/6&#8243; offset=&#8221;vc_hidden-md vc_hidden-sm vc_hidden-xs&#8221;][\/vc_column_inner][vc_column_inner el_class=&#8221;dt-custom-call-to-action rs_col-sm-8&#8243; width=&#8221;1\/2&#8243; offset=&#8221;vc_col-lg-offset-0 vc_col-lg-6 vc_col-md-offset-2 vc_col-md-8 vc_col-sm-offset-2&#8243;][vc_custom_heading text=&#8221;Contamos con los conocimientos para ayudar a tu cuerpo a recuperar su salud.&#8221; font_container=&#8221;tag:h5|text_align:left|color:%23f6e8ba&#8221; use_theme_fonts=&#8221;yes&#8221;]<a href='https:\/\/terapiasalternativas.ollintec.net\/jornada\/proxima-jornada' target='_self' title='' class='dt-sc-button   medium     '  style=\"background-color:#bf3a3f;border-color:#bf3a3f;\"> Pr\u00f3ximas fechas <\/a>[\/vc_column_inner][\/vc_row_inner]<div class=\"ult-spacer spacer-69e6b04d6013b\" data-id=\"69e6b04d6013b\" data-height=\"120\" data-height-mobile=\"64\" data-height-tab=\"96\" data-height-tab-portrait=\"96\" data-height-mobile-landscape=\"64\" style=\"clear:both;display:block;\"><\/div><div class=\"ult-spacer spacer-69e6b04d6016b\" data-id=\"69e6b04d6016b\" data-height=\"120\" data-height-mobile=\"64\" data-height-tab=\"96\" data-height-tab-portrait=\"96\" data-height-mobile-landscape=\"64\" style=\"clear:both;display:block;\"><\/div>[vc_gmaps link=&#8221;#E-8_JTNDaWZyYW1lJTIwc3JjJTNEJTIyaHR0cHMlM0ElMkYlMkZ3d3cuZ29vZ2xlLmNvbSUyRm1hcHMlMkZlbWJlZCUzRnBiJTNEJTIxMW0xOCUyMTFtMTIlMjExbTMlMjExZDM3NTIuMTE1ODMxOTM0OTI5NyUyMTJkLTk4LjM5ODYwMzgyNjAyNTg4JTIxM2QxOS44NzczMzAyMjYzMzA0MTglMjEybTMlMjExZjAlMjEyZjAlMjEzZjAlMjEzbTIlMjExaTEwMjQlMjEyaTc2OCUyMTRmMTMuMSUyMTNtMyUyMTFtMiUyMTFzMHg4NWQwNGU5ZGVlMmM5ZTk3JTI1M0EweDNiZWU3YTEwNmVkM2U5N2QlMjEyc0NlbnRybyUyNTIwUmVjcmVhdGl2byUyNTIwTGElMjUyMExhZ3VuYSUyMTVlMCUyMTNtMiUyMTFzZXMlMjEyc214JTIxNHYxNzEwMjA4OTM3MjQ4JTIxNW0yJTIxMXNlcyUyMTJzbXglMjIlMjB3aWR0aCUzRCUyMjYwMCUyMiUyMGhlaWdodCUzRCUyMjQ1MCUyMiUyMHN0eWxlJTNEJTIyYm9yZGVyJTNBMCUzQiUyMiUyMGFsbG93ZnVsbHNjcmVlbiUzRCUyMiUyMiUyMGxvYWRpbmclM0QlMjJsYXp5JTIyJTIwcmVmZXJyZXJwb2xpY3klM0QlMjJuby1yZWZlcnJlci13aGVuLWRvd25ncmFkZSUyMiUzRSUzQyUyRmlmcmFtZSUzRQ==&#8221; title=&#8221;\u00bfD\u00f3nde se encuentra el Temazcal Tepeyolotli?&#8221;][\/vc_column][\/vc_row][vc_row el_class=&#8221;vcr_float_right&#8221;][vc_column]<div class=\"ult-spacer spacer-69e6b04d60195\" data-id=\"69e6b04d60195\" data-height=\"80\" data-height-mobile=\"48\" data-height-tab=\"64\" data-height-tab-portrait=\"64\" data-height-mobile-landscape=\"48\" style=\"clear:both;display:block;\"><\/div>[\/vc_column][vc_column width=&#8221;1\/3&#8243;]<div class='dt-sc-contact-info type7 no-icon-bg aligncenter'><span class='icon icon-pointer'> <\/span><h6>Direcci\u00f3n<\/h6>Carretera Tepeapulco-Cuautepec Km.19.5 <br>\nTepeapulco, Hidalgo.<\/div>[\/vc_column][vc_column width=&#8221;1\/3&#8243;]<div class='dt-sc-contact-info type7 no-icon-bg aligncenter'><span class='icon icon-mail'> <\/span><h6>Correo<\/h6><a href=\"lagun@hotmail.com\">lagun@hotmail.com<\/a> <br>\n<a href=\"echaires.terapiasalternativas@gmail.com\">echaires.terapiasalternativas@gmail.com<\/a><\/div>[\/vc_column][vc_column width=&#8221;1\/3&#8243;]<div class='dt-sc-contact-info type7 no-icon-bg aligncenter last'><span class='icon icon-phone2'> <\/span><h6>Tel\u00e9fono<\/h6>775 759 3320<\/p>\n<p><br>\n55 3073 3891<\/div>[\/vc_column][vc_column]<div class=\"ult-spacer spacer-69e6b04d605df\" data-id=\"69e6b04d605df\" data-height=\"16\" data-height-mobile=\"16\" data-height-tab=\"16\" data-height-tab-portrait=\"\" data-height-mobile-landscape=\"\" style=\"clear:both;display:block;\"><\/div>[\/vc_column][\/vc_row]<\/p>\n<\/div>","protected":false},"excerpt":{"rendered":"<p>[vc_row el_class=&#8221;dt-row-partially-on-slider vcr_float_right&#8221;][vc_column width=&#8221;1\/3&#8243;][\/vc_column][vc_column width=&#8221;1\/3&#8243;][\/vc_column][vc_column width=&#8221;1\/3&#8243;][\/vc_column][vc_column][\/vc_column][\/vc_row][vc_row full_width=&#8221;stretch_row&#8221; bg_type=&#8221;image&#8221; parallax_style=&#8221;vcpb-default&#8221; bg_image_new=&#8221;id^6492|url^http:\/\/terapiasalternativas.ollintec.net\/jornada\/wp-content\/uploads\/2016\/04\/floral-decorated-floor-wall-blue.png|caption^null|alt^floral-decorated-floor-wall-blue|title^floral-decorated-floor-wall-blue|description^null&#8221; bg_image_repeat=&#8221;no-repeat&#8221; el_class=&#8221;dt-custom-bg-repeating-angles&#8221;][vc_column][\/vc_column][vc_column width=&#8221;1\/6&#8243; el_class=&#8221;rs_col-sm-1&#8243; offset=&#8221;vc_col-lg-2 vc_col-md-1 vc_hidden-xs&#8221;][\/vc_column][vc_column width=&#8221;2\/3&#8243; el_class=&#8221;rs_col-sm-10&#8243; offset=&#8221;vc_col-lg-8 vc_col-md-10&#8243;][vc_custom_heading text=&#8221;Te invitamos a vivir la Jornada de Sanaci\u00f3n&#8221; font_container=&#8221;tag:h2|text_align:center&#8221; [&hellip;]<\/p>\n","protected":false},"author":1,"featured_media":0,"parent":0,"menu_order":0,"comment_status":"closed","ping_status":"open","template":"","meta":{"footnotes":""},"_links":{"self":[{"href":"https:\/\/terapiasalternativas.ollintec.net\/jornada\/wp-json\/wp\/v2\/pages\/433"}],"collection":[{"href":"https:\/\/terapiasalternativas.ollintec.net\/jornada\/wp-json\/wp\/v2\/pages"}],"about":[{"href":"https:\/\/terapiasalternativas.ollintec.net\/jornada\/wp-json\/wp\/v2\/types\/page"}],"author":[{"embeddable":true,"href":"https:\/\/terapiasalternativas.ollintec.net\/jornada\/wp-json\/wp\/v2\/users\/1"}],"replies":[{"embeddable":true,"href":"https:\/\/terapiasalternativas.ollintec.net\/jornada\/wp-json\/wp\/v2\/comments?post=433"}],"version-history":[{"count":20,"href":"https:\/\/terapiasalternativas.ollintec.net\/jornada\/wp-json\/wp\/v2\/pages\/433\/revisions"}],"predecessor-version":[{"id":8329,"href":"https:\/\/terapiasalternativas.ollintec.net\/jornada\/wp-json\/wp\/v2\/pages\/433\/revisions\/8329"}],"wp:attachment":[{"href":"https:\/\/terapiasalternativas.ollintec.net\/jornada\/wp-json\/wp\/v2\/media?parent=433"}],"curies":[{"name":"wp","href":"https:\/\/api.w.org\/{rel}","templated":true}]}}